4114478784.
2, 3, 13, 1648429
List the prime factors of 43867290.
2, 3, 5, 337, 4339
What are the prime factors of 98357050?
2, 5, 11, 178831
What are the prime factors of 389681627?
389681627
List the prime factors of 1350728462.
2, 157, 1619, 2657
What are the prime factors of 1039071593?
7, 587, 252877
What are the prime factors of 144371061?
3, 31, 517459
List the prime factors of 68992001.
13, 17, 263, 1187
List the prime factors of 4645665888.
2, 3, 17, 2846609
What are the prime factors of 2967138524?
2, 7, 151, 701783
List the prime factors of 23232580.
2, 5, 7, 165947
What are the prime factors of 8908742342?
2, 4454371171
What are the prime factors of 344054898?
2, 3, 11, 29, 19973
List the prime factors of 9046190873.
9046190873
What are the prime factors of 434901684?
2, 3, 7, 17, 304553
What are the prime factors of 772654666?
2, 7, 55189619
What are the prime factors of 381993196?
2, 13, 17, 601, 719
List the prime factors of 300464140.
2, 5, 3863, 3889
List the prime factors of 264259437.
3, 13, 137, 49459
What are the prime factors of 21294281?
3083, 6907
List the prime factors of 743581087.
743581087
List the prime factors of 2279257411.
1709, 1333679
List the prime factors of 281982603.
3, 7, 31, 61879
List the prime factors of 5505881196.
2, 3, 458823433
What are the prime factors of 5337697450?
2, 5, 106753949
List the prime factors of 5196083472.
2, 3, 12027971
List the prime factors of 221553905.
5, 73, 606997
What are the prime factors of 64836247?
7, 37, 167, 1499
List the prime factors of 711518958.
2, 3, 53, 248609
List the prime factors of 3177769186.
2, 167, 9514279
What are the prime factors of 1013814974?
2, 787, 644101
List the prime factors of 248620689.
3, 61, 191, 2371
List the prime factors of 76596771.
3, 19, 37, 36319
What are the prime factors of 40501906?
2, 1877, 10789
What are the prime factors of 46702861?
46702861
What are the prime factors of 22631947?
13, 17, 102407
List the prime factors of 14711643.
3, 19, 227, 379
List the prime factors of 91227615.
3, 5, 103, 137, 431
What are the prime factors of 28413043?
59, 481577
List the prime factors of 1306783875.
3, 5, 307, 11351
List the prime factors of 1976206635.
3, 5, 13, 3378131
What are the prime factors of 395301077?
19081, 20717
What are the prime factors of 224912951?
29, 7755619
List the prime factors of 28632874.
2, 3301, 4337
List the prime factors of 49369992.
2, 3, 7, 71, 4139
What are the prime factors of 34320858?
2, 3, 11, 13, 17, 181
What are the prime factors of 1346068988?
2, 11, 29, 107, 9859
List the prime factors of 5495730.
2, 3, 5, 183191
List the prime factors of 2897893372.
2, 11, 17, 23, 15313
What are the prime factors of 234448772?
2, 59, 83, 11969
List the prime factors of 2915839.
59, 73, 677
List the prime factors of 1451594671.
47, 317, 97429
What are the prime factors of 355996805?
5, 173, 411557
What are the prime factors of 1448584115?
5, 11, 26337893
What are the prime factors of 15538857?
3, 5179619
What are the prime factors of 56158407?
3, 2079941
List the prime factors of 489850187.
7873, 62219
List the prime factors of 4744360447.
73, 659, 98621
List the prime factors of 41957618.
2, 241, 87049
List the prime factors of 13393794.
2, 3, 821, 2719
List the prime factors of 764106021.
3, 7, 17, 163, 1459
List the prime factors of 1180578281.
19, 62135699
List the prime factors of 563580737.
439, 467, 2749
List the prime factors of 110075564.
2, 2389, 11519
List the prime factors of 314228439.
3, 7, 1201, 4153
List the prime factors of 104723726.
2, 227, 251, 919
What are the prime factors of 717205023?
3, 271, 10891
List the prime factors of 917438785.
5, 4993, 36749
List the prime factors of 8439612769.
7, 1205658967
What are the prime factors of 139473449?
23, 83, 73061
List the prime factors of 1022792420.
2, 5, 13, 17, 19, 641
List the prime factors of 83644517.
11, 19, 36383
What are the prime factors of 374158450?
2, 5, 19, 1091
List the prime factors of 43330801.
61, 710341
List the prime factors of 226949893.
226949893
List the prime factors of 1726638804.
2, 3, 11, 89, 48991
What are the prime factors of 209093071?
11, 41, 157, 2953
What are the prime factors of 2321520143?
3011, 771013
List the prime factors of 8867562602.
2, 4433781301
What are the prime factors of 73213174?
2, 36606587
What are the prime factors of 917092066?
2, 11, 83, 359, 1399
List the prime factors of 18511773.
3, 7, 29, 113, 269
What are the prime factors of 1022802054?
2, 3, 5563, 30643
List the prime factors of 300323665.
5, 60064733
List the prime factors of 587233020.
2, 3, 5, 11, 889747
What are the prime factors of 3339973104?
2, 3, 13, 271, 19751
List the prime factors of 53135391.
3, 139, 127423
List the prime factors of 131769402.
2, 3, 401, 54767
What are the prime factors of 419831164?
2, 449, 233759
List the prime factors of 208891948.
2, 1913, 27299
What are the prime factors of 399860321?
7, 57122903
List the prime factors of 379862274.
2, 3, 11, 5755489
List the prime factors of 1147295648.
2, 127, 282307
List the prime factors of 738995225.
5, 29559809
List the prime factors of 4140610411.
7, 151, 3917323
List the prime factors of 197843272.
2, 11, 311, 7229
What are the prime factors of 306007729?
113, 1181, 2293
What are the prime factors of 138760097?
7, 19, 43, 1277
What are the prime factors of 107516550?
2, 3, 5, 103, 6959
List the prime factors of 1735044246.
2, 3, 13, 190121
What are the prime factors of 4108149?
3, 456461
List the prime factors of 141927290.
2, 5, 233, 60913
List the prime factors of 1249556414.
2, 624778207
What are the prime factors of 2688147186?
2, 3, 229, 1956439
What are the prime factors of 23028243?
3, 7, 1096583
List the prime factors of 1290667020.
2, 3, 5, 31, 131, 5297
What are the prime factors of 209009014?
2, 3307, 31601
List the prime factors of 177673760.
2, 5, 11, 157, 643
List the prime factors of 7549420254.
2, 3, 1258236709
What are the prime factors of 220633137?
3, 24514793
List the prime factors of 1205166861.
3, 1361, 98389
List the prime factors of 2744860316.
2, 11, 5671199
List the prime factors of 830341741.
113, 7348157
What are the prime factors of 18067986?
2, 3, 29, 34613
List the prime factors of 127960872.
2, 3, 13, 107, 3833
List the prime factors of 145568759.
7, 2970791
List the prime factors of 69835044.
2, 3, 47, 123821
List the prime factors of 2603120742.
2, 3, 144617819
List the prime factors of 23429243.
1303, 17981
What are the prime factors of 5390248?
2, 673781
List the prime factors of 865439493.
3, 19, 31, 647, 757
What are the prime factors of 121681378?
2, 7, 13, 668579
List the prime factors of 116663654.
2, 4549, 12823
What are the prime factors of 1031515467?
3, 59, 227, 25673
What are the prime factors of 1085272806?
2, 3, 180878801
List the prime factors of 179798040.
2, 3, 5, 499439
What are the prime factors of 1777929284?
2, 5153, 86257
List the prime factors of 762795863.
12641, 60343
What are the prime factors of 218863204?
2, 7, 19, 58771
What are the prime factors of 2591289168?
2, 3, 13, 319439
What are the prime factors of 2211298489?
19, 53, 191, 11497
List the prime factors of 79401503.
79401503
What are the prime factors of 77016874?
2, 11, 677, 5171
List the prime factors of 481297339.
419, 1148681
What are the prime factors of 1114156152?
2, 3, 157, 98563
List the prime factors of 388309240.
2, 5, 11, 17, 51913
List the prime factors of 2316098915.
5, 13, 173, 205967
List the prime factors of 33003216.
2, 3, 229189
What are the prime factors of 401610992?
2, 17, 1476511
What are the prime factors of 2987591?
2987591
What are the prime factors of 54074160?
2, 3, 5, 7, 10729
What are the prime factors of 961541150?
2, 5, 263, 73121
What are the prime factors of 17119436?
2, 1999, 2141
What are the prime factors of 136055281?
23, 5915447
List the prime factors of 984868423.
7, 11, 12790499
List the prime factors of 1397849360.
2, 5, 137, 127541
What are the prime factors of 2742311497?
17, 463, 348407
List the prime factors of 836991144.
2, 3, 11, 4349
List the prime factors of 3390774961.
7, 69199489
What are the prime factors of 40216264?
2, 11, 457003
What are the prime factors of 52626797?
43, 1223879
List the pri